u(o) = 2*o. Let j(i) = 9 - 2 + i - 3 - i**2. Let n be j(2). Let v be (-14)/21*(-15)/n. What is u(v)?
10
Let z(l) = -l**3 - 11*l**2 - 10*l - 2. Let d(q) = -11*q**2 + 1. Let p be d(1). Give z(p).
-2
Let j = -575 - -575. Suppose 5*i - 3*u + j = 18, -2*i = -2*u - 4. Let o(v) = -v + 12. What is o(i)?
6
Let t(s) = 18*s**2 + 33*s - 3. Let c be t(-2). Let i(h) = -2*h**2 + 5*h - 6. Give i(c).
-9
Let c(y) = -y**3 - 11*y**2 - 9*y + 13. Let f(k) = -17*k - 452. Let r be f(-26). Determine c(r).
3
Let b = 8 - 4. Suppose -b*c - 25 = -3*i + c, 0 = -5*i - 5*c + 15. Let g(t) be the first derivative of t**2/2 - 5*t - 64. What is g(i)?
0
Let d(i) = 3*i - 1. Let x be d(2). Suppose -3*l + 5*s + x + 4 = 0, -2*l + 4*s = -8. Let v(b) = -1 + 34*b - 32*b - b + 3*b**2. What is v(l)?
9
Let p(q) = -68*q**2 - 31*q - 57. Let w(s) = 37*s**2 + 16*s + 29. Let c(t) = -6*p(t) - 11*w(t). Give c(-3).
2
Let o(r) be the third derivative of r**6/120 + r**5/6 + 2*r**4/3 + r**3/2 - 4534*r**2. What is o(-7)?
38
Let r(f) be the second derivative of f**4/12 + 10*f**3/3 + 8*f**2 + 1014*f. Give r(-20).
16
Let i(m) be the third derivative of -m**6/90 - m**5/40 - 17*m**3/3 + 2*m**2 + 14. Let v(n) be the first derivative of i(n). Calculate v(-2).
-10
Let b(s) be the third derivative of -s**4/24 - 139*s**2 + 2. Determine b(-16).
16
Let s(d) = -d**2 - 3*d + 7. Let g be s(-4). Let m(z) = -26*z**g + 4*z**2 + 0 + 27*z**3 - 5*z + 3. Calculate m(-5).
3
Let j(v) be the third derivative of -43*v**4/24 - 21*v**3 + 7018*v**2. What is j(-3)?
3
Suppose 5*t = c - 47, 1175*c - 1174*c = -2*t - 16. Let j(p) = -4*p - 89. What is j(t)?
-53
Let k(u) be the second derivative of 4*u**4/3 - u**3 - 7*u**2/2 - 174*u. Determine k(-3).
155
Let g(r) be the second derivative of r**4/6 + 7*r**3/6 - 3*r**2 + 1951*r. Calculate g(-6).
24
Let i be (-82 - -85)*(2 - (3 + -2)). Let n(v) = 5*v**2 - 2*v - 2. What is n(i)?
37
Let t(l) be the first derivative of l**2 + 61. Let o(f) = 11*f - 1. Let j(q) = -o(q) + 6*t(q). Determine j(-4).
-3
Let c(z) = -6. Let l(o) = -o - 2. Let b(v) = c(v) - 3*l(v). Let f(d) = -37*d**2 + 1 + 38*d**2 - 1 - d. Let m(n) = -b(n) + f(n). What is m(6)?
12
Let o(w) = 26 + 27 - 6*w + 2*w**2 + 15 - 42 - 10*w. What is o(12)?
122
Let y(k) be the first derivative of k**3 + 13*k**2 + 20*k - 106. What is y(-8)?
4
Let h(q) = 14*q - 124. Let b be h(9). Let k(s) be the third derivative of 2*s**2 + 1/6*s**3 + 0 + 1/24*s**4 + 0*s. Calculate k(b).
3
Let t(b) = 5*b - b + 0*b**2 - 3 + b**2. Suppose 4*q - 14 = -5*d + q, -4*q + 11 = -d. Let h be d/(21/14 + -1). Give t(h).
9
Suppose -34 = -2*g + 5*a + 15, 5*a - 70 = -5*g. Let x(c) = c**3 - 16*c**2 - 15*c - 31. Let u be x(g). Suppose -u*b = b. Let w(t) = -t - 8. Give w(b).
-8
Let a(v) be the first derivative of -v**4/4 + 4*v**3 - v**2/2 - 31*v - 2293. What is a(11)?
79
Let l(j) = j**2 + 6*j. Let v = -17 - -146. Suppose 0 = -19*x - v + 34. Determine l(x).
-5
Suppose -54 = -18*c + 18. Let p(r) = 3 + r**2 - 17 + 9 - 9*r + r**2 + c. Determine p(7).
34
Let v = -14 + 8. Let r(t) = -225*t + 236*t - 3 + 12. Let z(x) = -24*x - 19. Let k(q) = 9*r(q) + 4*z(q). Determine k(v).
-13
Let g(o) = o**3 + 6*o**2 - 14*o + 43. Let z be g(-8). Suppose -20*v + 17*v - z = 0. Let a(f) = f**2 + 11*f + 3. What is a(v)?
-15
Let a(u) = -4*u - 27. Let o be (-10)/(-12) + 63/(-54) + 62/6. Give a(o).
-67
Let a(w) = 3*w - 3786*w**3 + 7554*w**3 - 3769*w**3 + 3*w**2 + 7. Suppose z - 2 - 2 = 0. Calculate a(z).
3
Let o(f) = -f - 2. Let m = 1606 - 1597. Let t(p) be the second derivative of -p**5/20 + 3*p**4/4 - p**3/6 + 3*p**2 - p. Let q be t(m). Give o(q).
1
Let r be -1 + (7 - 5) - -394. Let z = r + -390. Let i(o) = o**3 - 5*o**2 + o - 6. Determine i(z).
-1
Let z(i) = i**3 + 18*i**2 + i - 1. Let u(s) = -3*s**3 - 75*s**2 - 7*s + 1. Let j(c) = u(c) + 4*z(c). Determine j(4).
1
Let c(n) = -n + 1. Let k = 2129 - 2125. What is c(k)?
-3
Suppose 3*q + 81 = -4*p + 51, 10 = -3*p + 4*q. Let g(a) = 2*a**2 - a - 2. Calculate g(p).
76
Let i(h) = -102*h + 411. Suppose 28 = -t + 5*t, 5*p + t - 27 = 0. Calculate i(p).
3
Let f(p) be the first derivative of -p**5/60 - p**4/12 - p**3/3 - 69*p**2 - 35. Let n(u) be the second derivative of f(u). Give n(-2).
-2
Suppose -65 = -10*x - 78*x + 23. Let d(z) = -22*z**2 - 6*z + 5. Calculate d(x).
-23
Let z = -46 + 33. Let x = z + 21. Suppose 5*n + 13 = -4*d - x, 13 = -2*d - 5*n. Let l(i) = 2*i**2 + 7*i + 4. What is l(d)?
8
Let n(m) = -33*m - 15. Let k(q) = 1558*q + 703. Let c(i) = -2*k(i) - 95*n(i). Give c(-1).
0
Let z(c) be the third derivative of c**5/60 + 3*c**4/4 - 5*c**3 - 2*c**2 - 3*c - 31. What is z(-18)?
-30
Let q(l) = -12 - 10*l**3 - 8*l**3 + 13 + 0 + 77*l**3. Give q(-1).
-58
Let w(x) = -2*x - 10. Let q(l) = -141*l + 142*l + 0 + 1. Let h(j) = 3*q(j) + w(j). What is h(6)?
-1
Let s(l) be the first derivative of l**3/3 + l**2/2 - 57*l - 1538. What is s(6)?
-15
Let k(l) be the first derivative of 11*l - 1/2*l**2 + 249. What is k(6)?
5
Let v(q) = 5 - 532*q**2 + 240*q**2 + q + 291*q**2 - 14. Calculate v(0).
-9
Suppose 71*u = -30*u - 62 - 39. Let o(t) = -9*t + 10. What is o(u)?
19
Suppose -5*d = -15*d + 90. Suppose d*l - 15*l = 18. Let z(h) = -h**2 - 6*h - 3. What is z(l)?
6
Let s(q) = 3*q + q - 5189800 + 5189532. What is s(66)?
-4
Let t(z) = -z + z - 7*z + 6*z + 5. Let d be t(-3). Let w(x) = x**3 + d*x**2 + x - 14*x**2 - 1 + 0*x. What is w(6)?
5
Let p be -1 - ((0 - 2) + 2). Let u(f) = 34*f**2 + 17*f + 14. Let h(b) = -13*b**2 - 6*b - 5. Let g(d) = -8*h(d) - 3*u(d). What is g(p)?
3
Let x(j) = 0 + 6 + 3799*j - 10*j**2 - 3794*j. Calculate x(-2).
-44
Let g(z) be the second derivative of 96*z + 0 - 3/2*z**2 + 1/6*z**3 + 1/12*z**4. What is g(0)?
-3
Let w(m) = -24*m**3 - 73*m**2 + 5*m + 9. Let u(p) = 48*p**3 + 128*p**2 - 8*p - 17. Let a(d) = -4*u(d) - 7*w(d). Determine a(1).
-23
Let w(d) = -d**2 - 5*d + 8. Suppose 0 = 3*j + c - 5, 0 = 5*c + 38 - 33. Calculate w(j).
-6
Let v(s) be the second derivative of -11*s**3/6 + 3*s**2/2 - s - 119. Calculate v(-4).
47
Suppose 4*m = 6*m + 5*v - 2, -39 = -5*m - 4*v. Suppose -13 = -24*o + m. Let r(k) = -5*k**2 - 2*k + 1. What is r(o)?
-6
Let k(h) be the second derivative of h**8/6720 + h**7/315 - h**6/72 - 3*h**5/40 + 13*h**4/6 - 21*h - 1. Let u(q) be the third derivative of k(q). What is u(-9)?
0
Let w(q) = q**3 - 9*q**2 + 2. Suppose -84*u = -73 - 683. What is w(u)?
2
Let x(k) = k. Let w(q) = -7*q - 4. Let m(i) = w(i) + 6*x(i). Suppose -5*s = 5*v - 30, 4*s - 21 = -3*v + 1. Suppose -v*b = -4*b. Give m(b).
-4
Let v(j) = j**3 - 4*j**2 - j + 2. Suppose -181*c + 190*c - 180 = 0. Suppose c*p - 89 + 29 = 0. What is v(p)?
-10
Let k(r) = -13*r**2 - r - 107. Let j(z) = -9*z**2 - 76. Let i(x) = 7*j(x) - 5*k(x). Give i(4).
55
Let u(q) = 900 + 10 - 792 - 10*q. Give u(13).
-12
Let a be (28/(-10) - -2) + (-84)/(-5). Let s(c) = 21*c - a*c - 3*c. Give s(3).
6
Let w(u) = u**2 - 12*u + 9. Let y(g) = -g**2 + 25*g - 18. Let c(r) = -5*w(r) - 3*y(r). What is c(-8)?
1
Suppose 6*x = 11*x + 2*q + 56, -2*x - 32 = 4*q. Let l(b) = -b**3 - 9*b**2 + 7*b - 12. Give l(x).
18
Let k(s) = -6*s + 16. Let y be (2/6)/((-17)/255). Determine k(y).
46
Suppose -w - 5992 + 5974 = 4*v, -2*v = 2*w + 6. Let y(l) = l**2 + 14*l + 45. Give y(v).
0
Let q(i) = 11*i + 0*i**2 - i**2 - 62 + 50. Let a = 66 - 64. Suppose 0 = -a*m - 5*v + 1, 2*m + v - 13 = -0*v. What is q(m)?
12
Let i be 4 + ((-8)/(-14))/((40/(-28))/10). Let z(s) be the third derivative of 0*s + 0 + i*s**3 - s**2 + 17/24*s**4. Calculate z(-1).
-17
Let s(o) = 145*o - 16. Let a(i) = 242*i - 31. Let n(h) = 3*a(h) - 5*s(h). Give n(12).
-1
Let w = 5782 - 5774. Let h(q) be the second derivative of q**4/24 - q**3/6 - 2*q**2 + 2*q. Let b(x) be the first derivative of h(x). Give b(w).
7
Let j(k) = -k**3 + 6*k**2 - 23*k + 70. Let d = -13971 + 13975. Determine j(d).
10
Suppose -104*q + 105*q = 3. Let x(m) = m**2 + m**3 - 2*m**2 + 7*m - q*m**2 + 4 + 8*m**2. Calculate x(-4).
-24
Let f be 13/(-26)*(-2 - -14). Let q(p) be the first derivative of -7*p**2/2 - 5*p + 6. Determine q(f).
37
Let p(t) = -t**2 + 6*t + 4. Let f be 3 + -1 - 40/10. Let r be (-8 - -9 - (-11)/(-2))*f. Determine p(r).
-23
Suppose -33*n + 34 = -31*n. Suppose 2*c = 5*u - n, -5*u + 2*u + 13 = -4*c. Let z(d) = -2*d + 0*d**u - 3*d**2 - 41 + 37 + d**3. Calculate z(3).
-10
Let o(p) be the third derivat